ppose 3*k + 15627 = 3*a, 15602 = 292*a - 289*a + 2*k. What is the tens digit of a?
0
Suppose 101*f - 768283 - 93049 = -98075. What is the thousands digit of f?
7
Let t = 7103 - 6188. What is the tens digit of t?
1
Suppose -5*f - 5*h = 35, -2*f - 4 = 4*h - 0. Let q be (-1965)/10 + f/(-8). Let x = -126 - q. What is the units digit of x?
9
Let t = -56 + 52. Let w be (52/12 + t)*-3. What is the units digit of 33/11 + (w - -10)?
2
Suppose 2*z + 13 + 3 = 4*s, z + 3*s + 8 = 0. Let d(b) = -2*b**3 - 15*b**2 - 6*b + 7. What is the tens digit of d(z)?
1
Let l(m) = 2*m + 59. Let g be l(-20). Let k be -1*2 + (g - 17). Suppose -z - 3*d + 74 = -k*z, 2*d = 0. What is the units digit of z?
4
Let i be (-6)/(-9) + (-3 - 164710/(-30)). Suppose -21086 = -22*s - i. What is the hundreds digit of s?
7
Suppose -120*i + 123*i - 15087 = 0. What is the units digit of i?
9
Let t(l) = 2*l**3 - 24*l**2 - 7*l + 17176. What is the ten thousands digit of t(0)?
1
What is the thousands digit of 60*-1*50870/(-40)?
6
Let q(z) = -1513*z - 3016. What is the tens digit of q(-15)?
7
Suppose 52*o - 1432854 - 1626639 = -652465. What is the hundreds digit of o?
2
Suppose -26*q + 30*q = -44424. What is the hundreds digit of (-1)/(-3*(-6)/q)?
6
Let c(r) = -2 - 35*r - 24 - 16*r - 154. What is the units digit of c(-17)?
7
What is the hundreds digit of -941*((-6)/(36/42) + -1) - 2?
5
Let t = -13034 + 13159. What is the units digit of t?
5
Suppose -7144 = 48*h - 119512. What is the units digit of h?
1
Suppose r + 12 = 5*r + 4*i, -i = -5*r + 15. Let s(c) = 80*c - 4. What is the hundreds digit of s(r)?
2
Suppose 2*d + n = -407, d + n - 23 + 227 = 0. What is the tens digit of (2 - d) + (-14 - -16)?
0
Suppose 6*d + 134 - 32 = 0. Suppose 17 + 172 = 3*l. Let f = l + d. What is the units digit of f?
6
Let p be (6/18)/((-1)/12). Let g(u) = -7*u**3 + 4*u**2 + 2*u - 9. Let c be g(p). Suppose 4*d - c - 393 = 0. What is the units digit of d?
2
Let g = -23 - -17. Let m be ((-2)/g)/(2/(-1014)). Let h = -119 - m. What is the tens digit of h?
5
Suppose 5*f = -2*p + 44405, -f - 391*p + 394*p + 8864 = 0. What is the thousands digit of f?
8
Suppose -2*h + 2*v = -146, -h - 38 = -5*v - 99. Let m = 87 - h. Suppose 0 = m*t - 10*t - 145. What is the tens digit of t?
4
Let g = 109 - 108. What is the tens digit of ((-450)/4)/((-2)/(-4) - g)?
2
Let z(g) = -2*g**2 - 9*g - 6. Let j be z(-3). Let l(p) = 6*p**2 + 2 - 10 + 16 - 3*p + j. What is the units digit of l(-4)?
9
Let m(o) = 10*o**2 + 5. Let a be m(3). Suppose -4*g = -a + 55. Suppose -536 = g*t - 1636. What is the units digit of t?
0
Let y = 31 + -27. Suppose 561 = w + y*d, 45*w - 1132 = 43*w - 3*d. What is the units digit of w?
9
Suppose -2 = -5*t + 8. Let r = 68 + -104. What is the tens digit of (t + r)/((-10)/15)?
5
What is the units digit of 833872/52 + 4 + 9?
9
Let f be -1 + -2*(6 + -2). Let n be (f/(-12))/((-8)/(-32)). Suppose n*u + u = 148. What is the tens digit of u?
3
Let j be (-14)/2*(-4)/56*3972. Let x = 3276 - j. What is the thousands digit of x?
1
Let z(u) = u**3 - 748 - 9*u**2 + 39*u**2 + 700 - 4*u. Let x be z(-28). What is the tens digit of (-6)/(-2) + x/17?
9
Let q be (-2 - 2) + 2 + -871. Let a = q - -1431. What is the units digit of a?
8
Suppose -y + 3*g = 3*y + 3, 5*y + 2*g - 2 = 0. Suppose u + 16 = 2*c - y*u, 32 = 4*c - 5*u. Suppose -25*n + c*n + 3213 = 0. What is the hundreds digit of n?
1
Let c = -6410 - -6519. What is the hundreds digit of c?
1
What is the thousands digit of ((-24710)/42 + 19)*-51?
9
Suppose r - 3*l + 108 = 0, 2*l - 628 = 4*r - 246. Let v = 12 - 148. Let a = r - v. What is the tens digit of a?
4
Let m(u) = 22*u**2 - 10*u - 348. What is the ten thousands digit of m(39)?
3
Let f(q) = 3*q**2 - 24*q + 5. Let g be f(7). Let d = 69 + g. What is the tens digit of (-1)/(-2 - d*4/(-108))?
2
Suppose -n = o - 1524 - 907, o + 4*n = 2428. Suppose 2*x - o = -4*z + 6*x, 3*z = -4*x + 1824. What is the units digit of z?
8
Let o be 6/42 + (-102)/(-21). Suppose -2*g - 3*w + 306 = w, -3*g = -2*w - 435. Suppose -d + 2*s = -g, -3*d = -2*d + o*s - 133. What is the units digit of d?
3
What is the units digit of ((-35660)/(-6))/(-2)*(-67)/((-8375)/(-150))?
6
Suppose 6*l - 3*z - 55152 = 5*l, -5*l = 3*z - 275886. What is the hundreds digit of l?
1
Suppose -12*t + 70977 - 32109 + 53532 = 0. What is the units digit of t?
0
Let j(g) = -g**3 + 8*g**2 + 7*g + 21. Let f be j(9). Let o be f/((-12)/(-3713)) + 1/(-4). Suppose 0 = 4*r - o + 8. What is the units digit of r?
0
Let q = -131 - -123. Let t(c) = c**3 + 11*c**2 + 14*c + 11. Let p be t(q). Let i = p + -22. What is the tens digit of i?
6
Let z be (10/((-4)/(-2)))/(10/4). Suppose -3*m + z*m = -1101. What is the tens digit of m?
0
Let d(n) = 2*n - 6. Let i be d(3). Let j be i - 1*10/(-5). Suppose 144 = 4*h - j*h. What is the tens digit of h?
7
Let w be (-3)/(-9) + 14/3. Suppose r - 245 = -w*d, 2*r - 6*d = -2*d + 448. Suppose -5*b + r = 5*b. What is the tens digit of b?
2
Let r be 0/(-7) + 704 + -2. Suppose -8*a + 4*w + 1396 = -6*a, w + r = a. What is the units digit of a?
6
Suppose 46 = 8*b + 6. Suppose -2*t + 6 = -2, -v + 76 = -b*t. Suppose m + r - v = 0, 3*m + 487 = 8*m - 2*r. What is the tens digit of m?
9
Let z = -180 - -108. Let w be (-16)/(-2) - 4 - -88. Let f = w - z. What is the tens digit of f?
6
Suppose -8*w - 22*w = -66030. Suppose -n = -z - 440, 41*z + w = 5*n + 37*z. What is the hundreds digit of n?
4
Suppose 0 = 4*a - 0*a - 4, 3*p - 53057 = -5*a. What is the hundreds digit of 10/385*7 - p/(-22)?
8
Let c = -23 - -25. Suppose 0 = c*y + 2*y - 680. Let j = y + -94. What is the tens digit of j?
7
Let g = 1659 - -5314. What is the hundreds digit of g?
9
Let g = 16052 - 6696. What is the thousands digit of g?
9
Let z be ((-115)/(-10) - 5)/((-5)/(-10)). Let j be (-4)/(-6)*6 - 2. Suppose 0 = -j*x + z*x - 352. What is the units digit of x?
2
Let h(q) = q + 1. Let y be h(-1). Let d = y - -5. Suppose d*g = 2*s - 503, -112 = -s + 2*g + 140. What is the tens digit of s?
5
Let b(p) = -79*p**2 + 3*p - 13. Let t be b(3). Let w = -53 - t. What is the hundreds digit of w?
6
What is the thousands digit of (-1141 - 6)/(1/(-5))?
5
Let q(z) = -2*z**3 - 59*z**2 + 94*z + 153. What is the hundreds digit of q(-38)?
1
What is the units digit of (-2 - 8)/5 - (-10283 + -2)?
3
Suppose 36*h - 1044707 = 4*h + 604861. What is the ten thousands digit of h?
5
Suppose 20 = -0*v - 4*v, 4*a - v = -11. What is the tens digit of 0/(3 + a) - -427?
2
Let d be (-432)/(-84) + (-2)/14. Suppose -5*w + 2531 = -d*y + 7*y, 15 = 5*w. What is the thousands digit of y?
1
Let x be (-2)/12*2 - (-19)/3. Suppose 0 = 8*z - x*z + 10, -3*o + 4*z = -2612. What is the units digit of o?
4
Let n = 31 + -15. Let b(m) = m**3 - 29*m**2 + 31*m - 853. Let j be b(29). Let s = n + j. What is the tens digit of s?
6
Let s(l) = 50*l - 448. Let v be s(9). Suppose 3*y + 502 = v*h - 49, -h + 273 = -4*y. What is the units digit of h?
7
What is the units digit of (-202850)/(14 + 792/(-48))?
0
Suppose -122064 = -4*u - 3*t, 136*u - 2*t + 122072 = 140*u. What is the units digit of u?
2
Suppose 0 = 18*q + 3*q - 455973. What is the hundreds digit of q?
7
Let s be -2*((-5)/2)/5. Let h be (10/(-15))/s*-6. Suppose 2*i - 116 = -4*y, -20 = -2*y + y + h*i. What is the units digit of y?
8
What is the tens digit of (-4)/(-12)*(-1843 + 5)*3/(-2)?
1
Let h(v) = v + 6. Let o(p) = 5*p + 65. Let m(c) = 3*h(c) + o(c). What is the units digit of m(-8)?
9
Suppose -11 = -4*s - m, 9*s + 13 = 12*s - 4*m. Let c be 1 - (-5)/(5/18). Suppose 4*a - s*a - c = 0. What is the units digit of a?
9
Let r be 21696/15 - 48/(-80). Suppose 185 = 6*u - r. What is the tens digit of u?
7
Let g = 9910 + -2833. What is the hundreds digit of g?
0
Suppose 2*b = 4*z - 6224, -3*z - 3*b - 972 + 5640 = 0. What is the tens digit of z?
5
Let a = 53 - 77. Let g be -15*(-4)/(-8)*a/(-10). What is the units digit of -6 + 3 - g/2?
6
Let f be (60/33 - -2) + (-2)/(-11). Let d be f/(-16) + (2 - 14/8). Suppose d = 4*j - 5*k - 396, -7 + 81 = j + 5*k. What is the tens digit of j?
9
What is the tens digit of 9065 - (12 - 21 - -13)?
6
Suppose -5*m - w - 30765 = 0, -3*m - 5*w = -4*m - 6127. Let z be 1/(-8) - m/64. Suppose -d - 2*y = 2*y - z, -452 = -4*d + y. What is the hundreds digit of d?
1
Let j = 10469 + 47235. What is the ten t